. Suppose 0*k = 3*o + 2*k - c, -11 = o - 5*k. Is (o - (0 - 3)) + 12 prime?
False
Let l = 1 - 1. Let u(t) = 2*t + 4. Let z be u(-7). Let y = l - z. Is y prime?
False
Is (-4 - -2 - 0)/(1/(-127)) a prime number?
False
Suppose -z = -2*z + 6. Let j = z - -8. Is j a composite number?
True
Let z = 15 + -97. Let r = z - -137. Is r prime?
False
Is (17/4)/((-3)/(-276)) prime?
False
Let v be 3 + -1*(-3)/(-1). Suppose 0 = 2*z + z + a - 57, 2*a = v. Is z a composite number?
False
Let f(v) = v + 6. Let d be f(-8). Let q = -5 - d. Let m(z) = -10*z + 3. Is m(q) a prime number?
False
Let w be (-2)/(-1) - 1 - 9. Let d(m) = -m**2 - 6*m + 11. Let n be d(w). Is (-354)/(-10) + 2/n a prime number?
False
Let m(w) = 3*w**2 + 7*w + 7. Let b be (108 - 6)*2/6. Suppose 4*p + 2 + b = 0. Is m(p) composite?
True
Suppose -2*g + 0*d - 5*d - 142 = 0, -213 = 3*g + 5*d. Let r = -32 - g. Is r a prime number?
False
Suppose -s + 5 = -4*q + 19, -19 = -5*q + 2*s. Suppose 0*h - h = 2*y - 122, -3*h - q*y = -351. Suppose 0*v - 3*v = -a - h, v + 5*a = 32. Is v prime?
True
Suppose 0 = -4*w + 5*d - 22, -d + 20 = -4*w + 3*d. Is (-2455)/(-15) + 2/w a composite number?
False
Let l = 15 - 12. Suppose -l*c + 1785 = 654. Is c a composite number?
True
Let m(l) = -81*l - 5. Suppose -8 + 2 = 3*z. Is m(z) composite?
False
Suppose -m = m + 22. Let d = 108 + m. Is d composite?
False
Let t(i) = -i**2 + 11*i + 2. Let q be t(11). Let k(y) = -y - 2 + y**q - 3*y**2 + 3*y**2 + 3*y. Is k(-5) a prime number?
True
Let q = -7 - -11. Suppose q*i - 8*i + 3*p = -343, -5 = p. Suppose -4*t + 12 = -2*o - 84, 0 = -4*t - 5*o + i. Is t composite?
False
Let i = -313 - -536. Let z be (3 - -1 - 3)*581. Suppose -z = -4*l - o + 227, -l + i = -5*o. Is l composite?
True
Suppose -4*j + l + 1576 = -2*l, 5*l + 377 = j. Is j composite?
False
Let a be -536 + (-3)/1 + 3. Let f = 771 + a. Is f a prime number?
False
Let q(j) = -j**2 - 2*j - 232. Let y be q(0). Suppose -5*n + 0*g - 2*g = 767, 755 = -5*n - 5*g. Let t = n - y. Is t a prime number?
False
Suppose -89 - 299 = -4*b. Suppose 0 = 2*q - 37 - b. Is q composite?
False
Let n = 582 + 5. Is n prime?
True
Is 3270/20 - (-1)/(-2) a composite number?
False
Let y(i) = -263*i - 25. Is y(-4) a composite number?
True
Suppose -1213 = -2*w + 651. Suppose 6*u = 10*u - w. Is u a composite number?
False
Suppose 2*t = -3*o - 0 - 1, 8 = 2*t. Let a = o + 4. Is a - 76*(1 + -2) prime?
False
Let t be 6/(-27) - (-20470)/18. Is 4/6 + t/9 a composite number?
False
Is (4 - (1 + -419))*1/2 a composite number?
False
Let f be (-8)/(-36) - (-1382)/18. Let t = -4 + f. Let o = 108 - t. Is o a composite number?
True
Let z(d) = -130*d**3 + 1. Let l = 8 - 5. Suppose -3 + 6 = -l*x. Is z(x) a prime number?
True
Let g be 9/6 + (-5871)/(-6). Suppose -296 - g = -4*j. Is j prime?
False
Let g be 2/(-4)*48/(-4). Suppose c - 4*i = g*c - 1115, 0 = 2*c - i - 446. Is c a prime number?
True
Let k = 1 - -1. Suppose 0 = -k*h + h + 217. Let s = -122 + h. Is s prime?
False
Let r = 57 - 46. Is r a prime number?
True
Let x(j) = -j**2 + 9*j + 12. Let k be x(10). Suppose 0 = k*n + 2*n - 556. Is n a composite number?
False
Suppose -b = -164 - 102. Let o be 3 + (-3)/12*0. Suppose -b = u - o*u. Is u a prime number?
False
Let i = 8 + -14. Let f be (-2)/i - 194/(-3). Suppose -f = -n - 4*n. Is n a prime number?
True
Let t(d) = 5*d - 1. Suppose 4 = 2*j + 2. Let q be t(j). Suppose 331 = q*z + 63. Is z composite?
False
Is (90 - -2 - -2) + 3 a prime number?
True
Let m(g) be the second derivative of g**6/120 - g**4/24 + 7*g**3/6 - 3*g**2/2 + 2*g. Let s(r) be the first derivative of m(r). Is s(0) composite?
False
Suppose -3*q + 2 = t + 3, 0 = 4*q + 3*t - 7. Let z = q + 3. Is 20*z/6*3 composite?
True
Let c be (-2 - -4)*(-1)/(-2). Suppose -5 - c = y. Let x(k) = -k**3 - 6*k**2 - 6*k - 1. Is x(y) prime?
False
Is (-1149)/(-9) + (-10)/15 a composite number?
False
Let o(k) = -8*k + 5. Let a(l) = l**3 - l**2 + l + 5. Let z be a(0). Suppose -2*j + 12 = -z*j. Is o(j) prime?
True
Let g be (63/(-6))/(3/(-30)). Let c = g + -18. Is c a composite number?
True
Let m be 1 + (-2 - -1) + -2. Let o = 8 - m. Is o prime?
False
Suppose 2*w = 2*y + 2, -3*y + 0*w = -5*w + 5. Let x(b) = -2*b**2 - 3*b + 3*b**2 - 4 + 1 + y. Is x(7) a composite number?
True
Suppose -19 = 3*r - 91. Suppose -r = -2*z + 32. Let y = -9 + z. Is y composite?
False
Suppose 3*b + 170 = 5*t, -t + 26 = b - 0*b. Is t composite?
False
Let p = 52 + -25. Suppose 4*v + 3*m = v + p, 4*v + 3*m = 31. Suppose -v*r + 0*a + 23 = a, 2*r + 4*a = -6. Is r a prime number?
True
Let i(z) = 10*z + 9. Let d(n) = n**2 + 2. Let a be d(0). Suppose 2*b + 2*p - 11 = -p, b - 9 = a*p. Is i(b) a composite number?
False
Let j be (0 - -35) + 1 + 1. Suppose 0 = -3*q + j + 47. Let l = q + -15. Is l a prime number?
True
Let h(u) = -u - 4 - 2*u + u - 3. Let w be h(-5). Suppose 5*q - 399 = -4*m, -40 = w*q - 2*m - 275. Is q a prime number?
True
Let g(l) = -l**2 + 3*l - 1. Let q = 8 - 5. Let v be g(q). Is v*(50/(-1) - -1) composite?
True
Suppose l = -l. Suppose l = s + 4*s - 125. Is s prime?
False
Let b be (725/10)/((-1)/(-2)). Let i = b - 92. Is i composite?
False
Suppose -5*u - 2 = -2*a, -5*a - 11 = 4*u + 17. Let i = a + 57. Is i composite?
False
Let x be (-2 - -5)/(-3)*-5. Suppose 0 = -x*w + 2504 + 411. Is w a prime number?
False
Let n = 833 - 396. Is n composite?
True
Suppose 0 = -13*b + 36691 + 16674. Is b prime?
False
Is -2*(-3)/6 + 970 prime?
True
Suppose 4*n = b - 3*b + 20, -b = 4*n - 14. Let r = b + -7. Let z(q) = -38*q**3 + 2*q**2 + 2*q + 1. Is z(r) a composite number?
True
Is (-123)/(-4) - (-1)/4 a prime number?
True
Let r(j) = 3*j**2 - 11*j - 10. Let c be r(-8). Let t = c - 191. Is t composite?
False
Is (2/(-4))/(10/(-6940)) composite?
False
Suppose 5*z + 0*j - 15 = 5*j, -z + 9 = 2*j. Suppose -284 = 3*k - z*k. Is k a prime number?
False
Suppose 5*l - 1274 = -159. Is l composite?
False
Let z(n) = n**3 + 13*n**2 + 9*n - 2. Is z(-12) composite?
True
Let k = 19 + -17. Is k/4*164 + -3 a prime number?
True
Suppose 4*j + 16 = 0, -3*p + 1745 = -3*j - 2*j. Suppose 5*q = -0*q + p. Is q prime?
False
Let i(g) = -2*g + 257. Is i(0) a prime number?
True
Let p(g) = g + 7. Let c be p(-3). Suppose 0 = -0*w + w - c. Suppose 0 = -w*y + y + 12, -y = -d + 27. Is d a composite number?
False
Suppose 3*v - 24 = 3*p, -3*p - 35 = -4*v - 5. Let r be v/(-27) - (-11120)/(-18). Is 1/(-4) - r/8 prime?
False
Let f(u) = 80*u**3 - 2*u**2 - u + 1. Is f(2) composite?
False
Suppose -q + 5*b + 552 = -64, 0 = -5*b + 15. Is q prime?
True
Let t be 6/(1/(-1) + 3). Suppose t*d = -2*d + 2545. Is d prime?
True
Let i = 24 + -5. Is i prime?
True
Let a be (6/21)/(2/14). Suppose 0 = -c - 2, -a*c + 51 = 3*y + c. Is y a prime number?
True
Let d = 1092 + -771. Is d composite?
True
Let g = 17 - 16. Is ((-502)/(6/(-3)))/g a prime number?
True
Let k(b) = 8*b - 2. Let w be k(-3). Suppose 0 = -2*z - 118 + 44. Let r = w - z. Is r composite?
False
Suppose 0 = 3*s + 3*j - 2*j - 388, -392 = -3*s - 5*j. Suppose 0 = 4*r + 4*l - 232, 3*r - s = l + 45. Is r prime?
False
Let z = 16 - 12. Is z/(-26) - (-3618)/26 a prime number?
True
Suppose 3*b = -0*b. Suppose -2*s - 3*s + 110 = b. Is s prime?
False
Let n = 397 + -20. Is n prime?
False
Suppose -f - f + 4 = 0. Suppose f*r - 108 = -3*q, 0*r - 2*r + 4*q = -80. Let h = r + -10. Is h prime?
False
Suppose -3*s + 51 = -3*i, 5*i = -s + 4*i + 13. Is s composite?
True
Let w(m) = 5*m**2 - 13. Suppose h + h = -12. Is w(h) composite?
False
Let c be 4/3*(-1380)/(-8). Let k = c + -49. Let v = -104 + k. Is v a composite number?
True
Suppose -3*y + 35 = 5*p, -7*p + 2*p - 4*y + 40 = 0. Suppose -4*c = m - 6*m + 383, -5*m - p*c = -407. Is m a composite number?
False
Let c(b) = 2 + 11*b + 1 - 4*b + 5*b. Let z be c(9). Suppose 228 = 3*s - z. Is s a composite number?
False
Let i(z) = 8*z**2 - 9*z + 9. Is i(10) a composite number?
False
Suppose 5*k = -3*u + 11366, -3*u + u = 5*k - 7579. Is u a prime number?
False
Let o(c) = 2*c**3 - 3*c**2 + 2*c - 3. Let t be o(2). Suppose 2 - 22 = -t*q. Suppose 4*a = 8, -q*f - 3*a + 80 = -5*a. Is f prime?
False
Suppose 0 = 3*s + 2*o - 4*o + 1142, 4*s + 5*o = -1492. Let y = s - -598. Suppose 2*a = -2*a + y. Is a prime?
False
Is ((-15)/(-12))/((-5)/(-10820)) a prime number?
False
Let o be 7/3 - (-5)/(-15). Suppose 11 = n + o. S